- 10*v - 544. Determine r(29).
7
Let u(m) = -483*m + 8752. Determine u(18).
58
Let p(f) = 4*f**3 - 186*f**2 + 1404*f + 55. Determine p(37).
-19
Let p(v) = -75*v + 824. What is p(11)?
-1
Let s(k) = 3*k**2 + 414*k - 3. Give s(-138).
-3
Let g(b) = -78*b - 13. Calculate g(3).
-247
Let x(y) = -5*y**2 - 3*y - 266. Calculate x(0).
-266
Let z(f) = 2*f**3 + 16*f**2 + 55*f + 126. Give z(-5).
1
Let d(s) = -4*s**2 - 3*s + 458. Calculate d(-11).
7
Let h(m) = m**2 + 3*m + 7. Determine h(-5).
17
Let w(u) = 43*u**2 + 14*u - 13. Calculate w(1).
44
Let k(q) = -4*q**2 - 13*q + 85. Calculate k(13).
-760
Let t(q) = q**2 - 255*q - 5140. Calculate t(-19).
66
Let z(j) = -2*j**2 + 63*j - 146. Give z(28).
50
Let s(t) = -t**3 + 6*t**2 - 10*t + 15. Give s(7).
-104
Let v(w) = -3*w**3 + 64*w**2 - 188*w + 145. Give v(18).
1
Let p(h) = -h**3 - 5*h**2 - 2*h - 55. What is p(0)?
-55
Let c(z) = -3*z**3 - 94*z**2 - 41*z - 68. What is c(-31)?
242
Let p(k) = k**2 + 2345*k + 39570. What is p(-17)?
-6
Let d(w) = -15*w**3 + 8*w**2 + 20*w - 1. Determine d(-3).
416
Let q(w) = 183*w - 162. Calculate q(1).
21
Let c(l) = 80*l - 19522. Determine c(244).
-2
Let d(w) = w**2 + 38*w + 299. Give d(-27).
2
Let p(y) = 120*y - 2762. Determine p(23).
-2
Let i(r) = -31*r + 1249. Determine i(40).
9
Let x(i) = 37*i - 1. Determine x(4).
147
Let h(s) = -s**3 + 7*s**2 + 68*s - 366. What is h(10)?
14
Let i(w) = 9*w**2 - 224*w + 908. What is i(5)?
13
Let b(h) = -89*h + 7083. Calculate b(81).
-126
Let t(r) = -r**2 + 109*r - 1379. Determine t(95).
-49
Let t(h) = 9*h + 826. Calculate t(-53).
349
Let s(f) = -2*f**3 - 77*f**2 + 35*f - 147. What is s(-39)?
9
Let d(x) = -39*x + 529. Calculate d(14).
-17
Let u(p) = -327*p + 1366. What is u(5)?
-269
Let n(c) = -c**3 + 21*c**2 + 11*c + 109. Determine n(21).
340
Let o(l) = -6*l**2 - 68*l + 23. What is o(-12)?
-25
Let f(j) = -j**2 + 4907*j - 6. Calculate f(0).
-6
Let l(i) = 63*i + 2920. Determine l(-46).
22
Let i(l) = 49*l**2 + 537*l + 31. Give i(-11).
53
Let h(r) = -10*r - 193. Determine h(-13).
-63
Let t(y) = 58*y + 1396. What is t(-24)?
4
Let j(n) = -5*n + 30. What is j(6)?
0
Let m(u) = u**2 - 24*u - 311. Give m(-11).
74
Let s(o) = o**3 + 47*o**2 + 400*o + 22. Calculate s(-11).
-22
Let d(w) = w**3 + 4*w**2 + 110*w + 571. Give d(-5).
-4
Let g(n) = 2*n - 139. Give g(39).
-61
Let y(c) = -117*c - 10. Calculate y(2).
-244
Let p(u) = -8*u - 57. Calculate p(2).
-73
Let q(l) = 8*l**2 - 40*l - 319. Determine q(-7).
353
Let o(c) = 3*c**3 - 8*c**2 - 15*c - 19. Calculate o(-3).
-127
Let z(i) = -i**3 - 51*i**2 + 106*i - 99. Calculate z(-53).
-99
Let w(l) = -2*l**2 - 20*l + 90. Calculate w(-15).
-60
Let p(i) = -2*i**2 + 52*i - 150. Give p(15).
180
Let z(o) = o**3 + 6*o**2 - 257*o - 1311. Calculate z(-5).
-1
Let v(j) = -j**2 + 76*j - 481. Determine v(44).
927
Let x(a) = 2*a - 359. Calculate x(184).
9
Let c(y) = -686*y - 3419. Give c(-5).
11
Let q(s) = -s**3 - 4*s**2 + 36*s + 161. Determine q(-5).
6
Let s(r) = r**2 - 75*r + 760. Calculate s(63).
4
Let l(t) = t**2 - 121*t + 825. Give l(7).
27
Let s(i) = -i**3 + 5*i**2 - i - 7. Calculate s(0).
-7
Let m(h) = 20*h + 386. Determine m(-19).
6
Let v(g) = -42*g - 70. Calculate v(-2).
14
Let t(p) = 35*p**2 - 452*p - 19. Calculate t(13).
20
Let g(f) = -9*f - 126. Calculate g(-13).
-9
Let h(y) = 11*y**2 - 330*y - 14. Give h(27).
-905
Let h(d) = 32*d**2 + 5*d - 1. Give h(2).
137
Let r(l) = -2705*l - 35168. Determine r(-13).
-3
Let z(q) = -30*q + 2327. What is z(77)?
17
Let j(f) = 22*f + 349. Calculate j(-18).
-47
Let f(n) = -2*n**3 - 8*n**2 - 7*n - 20. Calculate f(-6).
166
Let l(w) = 3079*w - 24635. Calculate l(8).
-3
Let i(z) = z**2 + 71*z - 3004. Calculate i(30).
26
Let y(a) = a**3 + 26*a**2 + 4*a + 55. Calculate y(-26).
-49
Let d(i) = 110*i + 5307. What is d(-48)?
27
Let o(t) = 25*t**3 - 2*t**2 + 4*t - 7. Calculate o(2).
193
Let x(w) = -w**2 - 9*w + 166. What is x(-6)?
184
Let x(y) = y**3 - 12*y**2 + 65*y - 189. What is x(6)?
-15
Let w(a) = -6*a**3 + 90*a**2 + 90*a + 47. Determine w(16).
-49
Let y(v) = -2*v**3 - 18*v**2 - 7*v - 7. Give y(-9).
56
Let g(o) = 3*o**2 + 50*o + 102. Determine g(-2).
14
Let g(d) = 108*d + 3231. What is g(-30)?
-9
Let w(t) = -29*t - 197. Calculate w(-8).
35
Let t(c) = 6*c**2 - 58*c - 58. Calculate t(-1).
6
Let o(l) = -l**3 + 75*l**2 + 402*l - 183. What is o(80)?
-23
Let q(m) = -3*m**3 - 78*m**2 + 78*m - 70. What is q(-27)?
11
Let x(t) = -t**3 + 3*t**2 + 1358*t - 5409. What is x(4)?
7
Let s(h) = -370*h + 749. Give s(2).
9
Let x(p) = -p**2 - 43*p - 129. What is x(-38)?
61
Let g(n) = -n**2 - 366*n - 4815. What is g(-13)?
-226
Let o(j) = -j**2 - 41*j + 183. Calculate o(-45).
3
Let y(d) = -d**3 + 9*d**2 + 25*d + 13. What is y(9)?
238
Let z(t) = -t**3 - 10*t**2 + 25*t + 26. Give z(-6).
-268
Let n(x) = x**3 + 20*x**2 - 430*x + 9. Give n(13).
-4
Let h(r) = -r**2 - 4*r - 6. Calculate h(-1).
-3
Let m(v) = -3*v**3 + 2*v**2 + 3*v - 32. What is m(4)?
-180
Let i(f) = 8*f - 167. Give i(-13).
-271
Let c(o) = 3*o**3 - 138*o**2 - 442*o + 27. Calculate c(49).
-22
Let u(o) = -23*o**2 - 399*o + 255. Determine u(-18).
-15
Let b(g) = -6*g**3 + 10*g**2 + 16*g + 2. Determine b(-2).
58
Let y(f) = 9011*f - 180213. What is y(20)?
7
Let u(d) = -2*d - 123. Calculate u(-56).
-11
Let o(l) = -l**2 - 89*l - 1920. What is o(-48)?
48
Let p(x) = -x**3 - 6*x + 54. What is p(5)?
-101
Let z(d) = d - 247. What is z(44)?
-203
Let q(h) = 5347*h - 16030. Calculate q(3).
11
Let x(q) = -4*q**2 + 9*q + 2920. Give x(-26).
-18
Let b(a) = -a**2 - 139*a - 2459. Give b(-21).
19
Let w(y) = 9*y**3 + 210*y**2 + 266*y + 31. Give w(-22).
-13
Let a(j) = -367*j + 7015. What is a(19)?
42
Let n(u) = -2*u**2 - 2*u + 57. Calculate n(-6).
-3
Let g(v) = -66*v + 30. What is g(1)?
-36
Let l(s) = s**3 + 7*s**2 - 40*s - 30. Calculate l(4).
-14
Let m(k) = -k**3 + 21*k**2 + 356*k + 55. Calculate m(-11).
11
Let q(i) = -156*i + 2295. Determine q(13).
267
Let j(v) = v**2 + 61*v + 921. Give j(-32).
-7
Let q(k) = -k**2 + 41*k + 595. What is q(52)?
23
Let d(x) = -56*x + 404. Calculate d(6).
68
Let i(a) = 118*a + 768. Calculate i(-6).
60
Let h(i) = -i**3 + 163*i**2 - 315*i - 1135. Give h(161).
-8
Let r(j) = -196*j - 3315. Calculate r(-17).
17
Let b(v) = 16*v - 1130. Determine b(71).
6
Let g(c) = c**3 + 29*c**2 + 44*c - 94. Determine g(-27).
176
Let d(u) = -18*u + 51. Calculate d(4).
-21
Let q(w) = -w**3 + 4*w**2 + 6*w - 23. What is q(-7)?
474
Let f(w) = 4258*w - 12776. What is f(3)?
-2
Let t(q) = 14*q + 144. Give t(21).
438
Let c(o) = 9*o + 345. Give c(-43).
-42
Let o(z) = 86*z + 1534. Give o(-18).
-14
Let f(v) = -10*v - 390. Give f(-10).
-290
Let c(y) = -y**3 + 16*y**2 - 5*y - 61. What is c(15)?
89
Let d(w) = w**3 - 45*w**2 + 437*w + 664. Give d(17).
1
Let w(t) = -15*t**2 - 28*t - 55. What is w(-2)?
-59
Let a(g) = g**3 + 12*g**2 + 26*g - 46. Determine a(-6).
14
Let j(k) = -2*k**3 + 16*k**2 - 43*k + 13. Calculate j(4).
-31
Let a(c) = c**2 - 29*c - 220. Determine a(-6).
-10
Let m(d) = 247*d - 155. Calculate m(3).
586
Let g(n) = -n**3 - 15*n**2 - 60*n - 31. Determine g(-7).
-3
Let j(q) = q**3 + 11*q**2 - 31*q - 55. Determine j(-13).
10
Let h(f) = 2*f**3 - 138*f**2 - 10*f + 685. Determine h(69).
-5
Let r(c) = 7*c**2 + 69*c - 644. What is r(11)?
962
Let f(v) = v**3 + 22*v**2 - 26*v - 23. Give f(-23).
46
Let d(z) = -2*z**2 - 33*z - 135. What is d(-7)?
-2
Let b(r) = r**2 + 19*r - 527. Calculate b(-34).
-17
Let s(k) = -515*k - 16478. Give s(-32).
2
Let y(i) = i**2 - 293*i - 921. Determine y(-3).
-33
Let a(j) = -j**2 + 258*j + 2410. Determine a(-9).
7
Let u(i) = 10*i**2 + 233*i - 3. Calculate u(-23).
-72
Let d(f) = -f**3 - 142*f**2 + 140*f - 425. Calculate d(-143).
4
Let m(f) = -f**3 - 9*f**2 - 14*f + 11. Give m(-11).
407
Let z(y) = -y**2 - 2119*y - 29478. Determine z(-14).
-8
Let h(a) = a**3 - 67*a**2 - 71*a + 183. What is h(68)?
-21
Let g(w) = -w**3 - 14*w**2 - 57*w - 6. What is g(-9)?
102
Let u(j) = j**3 + 13*j**2 - 142*j - 526. Determine u(-19).
6
Let z(t) = 7*t + 71. What is z(-12)?
-13
Let a(d) = d**2 + 43*d + 269. Determine a(-37).
47
Let m(z) = 52*z**2 - 11*z - 15. Calculate m(-1).
48
Let s(n) = 800*n**2 - 2*n - 1. Give s(-1).
801
Let w(t) = 4*t**2 - 71*t - 101. Determine w(19).
-6
Let f(x) = -576*x - 1324. Determine f(-3).
404
Let d(x) = -x**3 + 3*x**2 - 2*x - 139. What is d(0)?
-139
L